 = 12*w**3 + 7*w**2 - 5. Let r(b) = -18*b**3 - 11*b**2 + 8. Let j(k) = 8*h(k) + 5*r(k). Calculate j(q).
7
Suppose -l = 2*l. Let x = 1 - l. Let y(k) = 4*k + x - 3*k + 2 + 2*k. Calculate y(-3).
-6
Let y(d) = -d - 2. Suppose 0 = -l + 2*k - 10, 3*k - k - 10 = 0. What is y(l)?
-2
Let x(b) be the second derivative of 1/12*b**4 + 0 - 4*b**2 + 1/6*b**3 + b. Calculate x(0).
-8
Let o(c) = -c**3 - c**2. Let d(w) = 7*w**3 + 9*w**2 + 2*w - 3. Let v(l) = d(l) + 6*o(l). Let x be 50/(-18) + (-6)/27. Let g be (x/(-2))/(1/(-2)). Give v(g).
-9
Let v(j) = j**3 - 9*j**2 + 8*j - 1. Let t = 151 + -143. Determine v(t).
-1
Let m(p) = 2*p - 6*p**2 + 7*p**2 - 3*p. What is m(1)?
0
Let u = -15 + 21. Let p(l) = l**3 - 7*l**2 + 7*l - 8. Determine p(u).
-2
Let h(m) = m**2 + m. Let f be (-19)/(-7) - 14/(-49). Suppose 1 + 5 = f*r. What is h(r)?
6
Suppose -4*v = -5*t - 15, -4*v - t = -2*t - 3. Let n(x) be the second derivative of v + x - 1/6*x**3 + 2*x**2. Calculate n(0).
4
Let c(i) = i**2 - 7*i - 4. Suppose -5*v = -4*a + 12, -2 - 22 = -2*a - 2*v. Let q be c(a). Let f(k) = -k**2 + 7*k - 5. Give f(q).
7
Let d(l) = -l**2 + 8*l. Suppose 3*k = 2*k + s + 13, -4*k - 5*s + 7 = 0. Calculate d(k).
0
Let p(o) = o - 6. Let v be p(5). Let a = 5 + v. Let k(f) = -f + 7. Calculate k(a).
3
Let d(w) be the second derivative of -w**3/3 - w**2 - 3*w. Suppose 23*s - 24*s = 2. What is d(s)?
2
Let o(w) = w**3 + 6*w**2 - 2*w - 4. Let x be 2/9 + 56/(-9). Calculate o(x).
8
Let p(t) = -3*t + t + 254*t**3 - t**2 + 3 - 253*t**3. Calculate p(2).
3
Suppose x = 3*t - 13, 4*x + 2*t = t. Let l(h) = -6*h**2 - h. Give l(x).
-5
Let r(h) be the second derivative of h**5/60 + h**4/12 + h**3/3 + 4*h. Let o(x) be the second derivative of r(x). Give o(-4).
-6
Let b be (5/(-2) + 2)*6. Let c(p) = -p**3 - p**2 + 5*p + 2. Calculate c(b).
5
Let f(b) = b**2 + 4. Let c be f(0). Let y = 4 - c. Let s(a) = -a**2 + 13. Give s(y).
13
Let o(p) = -p**2 + 9. Let x(n) = 1. Let a(h) = -o(h) + 4*x(h). What is a(0)?
-5
Let v(l) = l**2 - 14*l + 16. Suppose 0 = 5*b - 3*b - 26. Let r be v(b). Let j(x) = x**2 - 2*x - 2. Determine j(r).
1
Let i(a) = a**3 - 6*a**2 + 3. Let y be i(6). Let x(f) = 3 - 2*f**3 + 4*f**y - f**3 - 5*f - f**2. Determine x(3).
6
Let f(k) = -4*k - 3*k**3 + 0*k**3 + 2*k**3 - 2 + 5*k**2. Suppose -34 = -3*r + 44. Suppose 5*i - z - 15 = 0, -r = i - 5*z - 5. What is f(i)?
-2
Let m(z) be the second derivative of -3*z + 0 + 1/2*z**2 - 1/6*z**3. Give m(-5).
6
Let g = -355/4 - -89. Let i(h) be the second derivative of 0 + 1/20*h**5 - g*h**4 + h**2 + 1/3*h**3 - h. Give i(2).
2
Suppose 2*j = z - 1, 0 = 5*j + 5*z + 5 + 5. Let w(t) = -19*t**3 - 2*t**2 + 1. Give w(j).
18
Let k(l) = -24*l. Let x(o) = 5*o. Let v(r) = 6*k(r) + 28*x(r). Calculate v(-2).
8
Suppose 0 = 10*z - 4*z. Suppose 7*p + z = -14. Let w(a) = 7*a - 1. Give w(p).
-15
Let g(q) = -q**2 - q - 1. Suppose 3*v - 4 = 5. What is g(v)?
-13
Let o(q) = -2*q**2 - 5*q - 3*q**2 + 4*q**2 + 2*q**2. Give o(6).
6
Let j(o) = -o. Let v(d) = 4 - 6 - 3*d + 6. Let m(s) = 4*j(s) - v(s). Calculate m(-2).
-2
Suppose u - 2 = 3. Suppose 2*h = 10, 10 = -2*g + u*h - 1. Let l(o) = o - g*o + 5*o - 1. What is l(0)?
-1
Let l(m) = m**3 + 4*m**2 + 5*m + 3. Let n(a) = -2*a**3 - 9*a**2 - 10*a - 5. Let s(r) = 5*l(r) + 3*n(r). What is s(-6)?
-6
Let l = 0 + -2. Let f(m) = -m**2 + m - 1. Let h(k) = 3*k**2 + 4*k + 5. Let n(w) = 2*f(w) + h(w). Give n(l).
-5
Let b(x) = -x**3 + x**2 + 2*x - 2. Let y(h) = h**2 + 8*h + 8. Let f be y(-6). Let s be (-2 + 1)*2*f. Let d be 14/s + (-3)/(-12). Determine b(d).
-2
Let a(p) = p**2 + p - 1. Suppose 6*g = 11*g + 5. Calculate a(g).
-1
Let x(j) be the third derivative of -j**4/24 - 3*j**3/2 + 30*j**2. Suppose -2*i - 38 = -5*o - 10, -5*o = 5*i. What is x(i)?
-5
Let s(k) be the first derivative of -k**4/12 + k**3/6 - k**2/2 + 2*k - 8. Let z(a) be the first derivative of s(a). Determine z(4).
-13
Suppose 5*f = -5*u + u + 5, 4*u - 2*f = -2. Let r(y) = -y**3 - 3. What is r(u)?
-3
Let s be (-26)/4 + 42/28. Let y(j) = -j**2 - 6*j - 7. Calculate y(s).
-2
Let t(a) = 5*a**2. Suppose 3 = 5*d - 22. Let c(n) = n**3 - 6*n**2 + 6*n - 6. Let j be c(d). What is t(j)?
5
Let g(a) = 11*a**2 + 1. Let d(c) = -c**2 + 7*c. Let s be d(7). Let k = 1 - s. Give g(k).
12
Let p(f) = -f**3 - 6*f**2 - 5*f + 3. Let n be p(-4). Let l be (3/(n/12))/(-1). Let u(s) = l*s + 4 - 5*s + 0*s. What is u(4)?
0
Let g be (9/(-15))/(2/(-10)). Let d(j) = 3*j + 2*j**3 + 2 - 3*j**3 + 2*j**g - 3*j**2. What is d(3)?
11
Let r(j) = j. Let v(i) = -4*i - 2. Let o(x) = -5*r(x) - v(x). Let c(n) = -n - 6. Let f be c(-7). Let u(m) = 3*m - 1. Let q be u(f). Determine o(q).
0
Let s(k) = 2*k**3 - 2*k**2 - 2*k - 1. Let r = 0 + -1. What is s(r)?
-3
Let h(d) = d + 1. Let z(p) = 13. Let s(j) = -h(j) + z(j). Suppose r + 23 = 2*v + 3*v, -3*v - 2*r = -19. Determine s(v).
7
Let x(z) = z**2 + z. Let t be x(-1). Let c = t + -5. Let u(m) = -m**2 - 3*m + 4. Give u(c).
-6
Suppose -p + 0*k - 3 = -2*k, -5*k = -10. Suppose 3*a + p = 4. Let v(l) = 8*l**2 - 2*l - 2 + 2 + 1. What is v(a)?
7
Let h be (-1)/(-1*(-1)/2). Let j = h + -4. Let o(a) = -a**3 - 5*a**2 + 6*a + 3. Calculate o(j).
3
Let r(w) be the third derivative of -w**6/24 + w**5/30 + w**4/24 - w**2. Suppose 0 - 4 = 2*o. Let y be -3*(-2)/12*o. Give r(y).
6
Let w(j) be the second derivative of j**3/3 - j. Suppose -5 + 1 = -2*h. Give w(h).
4
Let b(t) = -3*t - 4. Suppose 2*v + 0 - 6 = 0. Suppose 16 = -v*k + 4. What is b(k)?
8
Let z(r) = r**3 + 6*r**2 + 7*r + 4. Let j(i) = i - 2. Let g be j(6). Suppose 0 = g*h - 5*h - 4. What is z(h)?
8
Let l(f) be the third derivative of -f**7/2520 + f**6/144 - f**5/24 - f**4/8 - 3*f**2. Let u(p) be the second derivative of l(p). Let r = 1 - -3. What is u(r)?
-1
Let i(a) be the second derivative of a**3/6 - a**2/2 - 12*a. Give i(6).
5
Let u(x) = 3*x - 1. Suppose 3*q - 11 - 1 = 0. Suppose -2 + 6 = -q*f. What is u(f)?
-4
Let h(m) be the first derivative of -1 + 0*m + 2/3*m**3 - 1/120*m**5 + 0*m**4 + 0*m**2. Let u(j) be the third derivative of h(j). Give u(3).
-3
Let l(k) = k**3 - 7*k**2 + 8*k - 6. Let w be ((-18)/(-4))/(7/((-196)/(-21))). Give l(w).
6
Let b(t) = -t + 10. Suppose 3*a = 6*a. What is b(a)?
10
Let y(k) be the second derivative of -k**5/20 - k**3/6 - 7*k**2/2 - 4*k. What is y(0)?
-7
Let n(s) = 3*s - s**2 - s**2 + 0*s - 10*s**3. Let x(r) = -10*r**3 - 3*r**2 + 4*r. Let z be (-1)/(-3) - 22/(-6). Let q(c) = z*n(c) - 3*x(c). What is q(1)?
-9
Let f(o) = o**3 + 4*o**2 + 4*o + 3. Suppose 2*q - 5*c + 31 = 0, -c = 4*q - 2*c + 17. Let s be f(q). Let k(y) = y - 3. Determine k(s).
-3
Let k(j) be the second derivative of j**3/6 + j**2/2 + j. Let s be (9/(-6))/((-6)/20). Suppose -s + 0 = n. Calculate k(n).
-4
Let z(y) = y - 1. Let k(w) = 5*w - 9. Let o(s) = -k(s) + 6*z(s). Let j be o(0). Let f(t) = -t**3 + 2*t**2 + 2*t. Give f(j).
-3
Suppose -5*n = -15, 2*m = 2*n - 6*n + 36. Let z be (m/(-2))/((-18)/9). Let r(a) = -1 - a - a**z - 2 - a. What is r(-2)?
9
Let i(v) = -v**3 + v - 1. Let w(m) = 4*m**3 - 2*m**2 - 5*m + 1. Let l(f) = 3*i(f) + w(f). What is l(-2)?
-14
Let k = -12 - -6. Let b(a) = -a. Calculate b(k).
6
Let z(j) be the second derivative of -j**5/20 - 7*j**4/12 + 3*j**3/2 + 3*j**2/2 + 17*j. Calculate z(-8).
-5
Let q(h) = -h**3 - 6*h**2 + 7*h + 10. Let b be q(-7). Let x be (-51)/(-15) + 6/b. Let t(y) = 2*y - 6. Determine t(x).
2
Let d(h) = -7*h - 1. Let u = 4 + -5. Let f be d(u). Let m(y) = y**2 - 7*y. Calculate m(f).
-6
Let a(l) = 4*l + 7. Let s = 67 + -74. Calculate a(s).
-21
Let v(s) = -5 + 2*s**2 - 2*s + 0*s - s. Give v(4).
15
Let m = -53 - -48. Let n(b) = b**3 + 5*b**2 - b + 6. Determine n(m).
11
Let r(f) be the third derivative of f**8/2240 - f**7/5040 - f**5/20 + 2*f**2. Let o(d) be the third derivative of r(d). What is o(-1)?
10
Let t = -21 + 28. Let l(w) = -w + 9. What is l(t)?
2
Suppose x = 5 - 3. Let a(q) be the third derivative of 0 + 0*q + 0*q**3 - 1/120*q**6 + 0*q**5 + 3*q**x - 1/24*q**4. Calculate a(2).
-10
Let b(n) be the first derivative of n**3/3 - 2*n**2 - n + 12. Give b(4).
-1
Let m(k) = 1 - k - 2*k + 0*k + k**2. Give m(2).
-1
Suppose -3*j + 1 = -14. Suppose -j*u + 13 = 4*k, 2*k + 5*u = k + 7. Let i(z) = 3 + 6*z + 1 - 4 + z**k + 2. Determine i(-4).
-6
Let p(b) be the first derivative of -b**2 - 2*b + 52. Determine p(-2).
2
Let f be -1 - 16/((-16)